{"id":13,"date":"2025-12-01T12:51:11","date_gmt":"2025-12-01T11:51:11","guid":{"rendered":"https:\/\/noticiassash.medscapegrupo.com\/?page_id=13"},"modified":"2025-12-11T09:31:51","modified_gmt":"2025-12-11T08:31:51","slug":"home","status":"publish","type":"page","link":"https:\/\/noticiassash.medscapegrupo.com\/","title":{"rendered":"Home"},"content":{"rendered":"\t\t<div data-elementor-type=\"wp-page\" data-elementor-id=\"13\" class=\"elementor elementor-13\" data-elementor-post-type=\"page\">\n\t\t\t\t<div class=\"elementor-element elementor-element-f984aa2 e-con-full e-flex e-con e-parent\" data-id=\"f984aa2\" data-element_type=\"container\">\n\t\t<div class=\"elementor-element elementor-element-b2b11c3 e-con-full e-flex e-con e-child\" data-id=\"b2b11c3\" data-element_type=\"container\">\n\t\t\t\t<div class=\"elementor-element elementor-element-a48cecd elementor-widget elementor-widget-menu-anchor\" data-id=\"a48cecd\" data-element_type=\"widget\" data-widget_type=\"menu-anchor.default\">\n\t\t\t\t\t\t\t<div class=\"elementor-menu-anchor\" id=\"home\"><\/div>\n\t\t\t\t\t\t<\/div>\n\t\t\t\t<div class=\"elementor-element elementor-element-527c351 elementor-widget elementor-widget-heading\" data-id=\"527c351\" data-element_type=\"widget\" data-widget_type=\"heading.default\">\n\t\t\t\t\t<h2 class=\"elementor-heading-title elementor-size-default\">Confira as atualiza\u00e7\u00f5es mais relevantes em Hematologia do ASH<\/h2>\t\t\t\t<\/div>\n\t\t\t\t<div class=\"elementor-element elementor-element-49d4f02 elementor-widget elementor-widget-text-editor\" data-id=\"49d4f02\" data-element_type=\"widget\" data-widget_type=\"text-editor.default\">\n\t\t\t\t\t\t\t\t\t<p>Acompanhe os avan\u00e7os que est\u00e3o transformando a pr\u00e1tica em onco-hematologia<\/p>\t\t\t\t\t\t\t\t<\/div>\n\t\t\t\t<div class=\"elementor-element elementor-element-c44ba6e elementor-widget elementor-widget-image\" data-id=\"c44ba6e\" data-element_type=\"widget\" data-widget_type=\"image.default\">\n\t\t\t\t\t\t\t\t\t\t\t\t\t\t\t<img fetchpriority=\"high\" decoding=\"async\" width=\"800\" height=\"600\" src=\"https:\/\/noticiassash.medscapegrupo.com\/wp-content\/uploads\/2025\/12\/WhatsApp-Image-2025-12-07-at-23.18.40-1024x768.jpeg\" class=\"attachment-large size-large wp-image-193\" alt=\"\" srcset=\"https:\/\/noticiassash.medscapegrupo.com\/wp-content\/uploads\/2025\/12\/WhatsApp-Image-2025-12-07-at-23.18.40-1024x768.jpeg 1024w, https:\/\/noticiassash.medscapegrupo.com\/wp-content\/uploads\/2025\/12\/WhatsApp-Image-2025-12-07-at-23.18.40-300x225.jpeg 300w, https:\/\/noticiassash.medscapegrupo.com\/wp-content\/uploads\/2025\/12\/WhatsApp-Image-2025-12-07-at-23.18.40-768x576.jpeg 768w, https:\/\/noticiassash.medscapegrupo.com\/wp-content\/uploads\/2025\/12\/WhatsApp-Image-2025-12-07-at-23.18.40.jpeg 1280w\" sizes=\"(max-width: 800px) 100vw, 800px\" \/>\t\t\t\t\t\t\t\t\t\t\t\t\t\t\t<\/div>\n\t\t\t\t<div class=\"elementor-element elementor-element-87b35f5 elementor-widget elementor-widget-heading\" data-id=\"87b35f5\" data-element_type=\"widget\" data-widget_type=\"heading.default\">\n\t\t\t\t\t<h2 class=\"elementor-heading-title elementor-size-default\">Explore os principais destaques \ndo 67th ASH Annual Meeting 2025<\/h2>\t\t\t\t<\/div>\n\t\t\t\t<div class=\"elementor-element elementor-element-e307dc5 elementor-widget elementor-widget-text-editor\" data-id=\"e307dc5\" data-element_type=\"widget\" data-widget_type=\"text-editor.default\">\n\t\t\t\t\t\t\t\t\tReunindo aproximadamente 27.000 profissionais, entre hematologistas, oncologistas e pesquisadores de refer\u00eancia global, o 67th American Society of Hematology Annual Meeting \u00e9 reconhecido como o principal \ne mais influente evento cient\u00edfico global em hematologia, destacando evid\u00eancias robustas, inova\u00e7\u00e3o terap\u00eautica e dados cl\u00ednicos que orientam a tomada de decis\u00e3o na pr\u00e1tica cl\u00ednica.<br><br>\n\u2028Nosso objetivo \u00e9 proporcionar aos m\u00e9dicos uma vis\u00e3o completa, cr\u00edtica e atualizada da ci\u00eancia discutida no ASH 2025, fortalecendo a tomada de decis\u00e3o cl\u00ednica e, em \u00faltima inst\u00e2ncia, contribuindo para a melhor assist\u00eancia aos pacientes.<br><br>\n\u2028Nosso time m\u00e9dico do Medscape juntamente com importantes m\u00e9dicos brasileiros, produziu um conte\u00fado exclusivo preservando a independ\u00eancia editorial e o compromisso do Medscape com a integridade cient\u00edfica.\t\t\t\t\t\t\t\t<\/div>\n\t\t\t\t<div class=\"elementor-element elementor-element-9eee928 elementor-widget elementor-widget-menu-anchor\" data-id=\"9eee928\" data-element_type=\"widget\" data-widget_type=\"menu-anchor.default\">\n\t\t\t\t\t\t\t<div class=\"elementor-menu-anchor\" id=\"artigos\"><\/div>\n\t\t\t\t\t\t<\/div>\n\t\t\t\t<div class=\"elementor-element elementor-element-ba5ab92 elementor-widget elementor-widget-menu-anchor\" data-id=\"ba5ab92\" data-element_type=\"widget\" data-widget_type=\"menu-anchor.default\">\n\t\t\t\t\t\t\t<div class=\"elementor-menu-anchor\" id=\"videos\"><\/div>\n\t\t\t\t\t\t<\/div>\n\t\t\t\t<\/div>\n\t\t\t\t<\/div>\n\t\t<div class=\"elementor-element elementor-element-ffdfd1c e-flex e-con-boxed e-con e-parent\" data-id=\"ffdfd1c\" data-element_type=\"container\">\n\t\t\t\t\t<div class=\"e-con-inner\">\n\t\t<div class=\"elementor-element elementor-element-9fcaaf0 e-con-full e-flex e-con e-child\" data-id=\"9fcaaf0\" data-element_type=\"container\">\n\t\t\t\t<div class=\"elementor-element elementor-element-e1a47de elementor-widget elementor-widget-text-editor\" data-id=\"e1a47de\" data-element_type=\"widget\" data-widget_type=\"text-editor.default\">\n\t\t\t\t\t\t\t\t\t<p>Artigos<\/p>\t\t\t\t\t\t\t\t<\/div>\n\t\t\t\t<\/div>\n\t\t<div class=\"elementor-element elementor-element-868a04c e-con-full elementor-hidden-mobile e-flex e-con e-child\" data-id=\"868a04c\" data-element_type=\"container\">\n\t\t\t\t<div class=\"elementor-element elementor-element-ab0b435 elementor-widget elementor-widget-text-editor\" data-id=\"ab0b435\" data-element_type=\"widget\" data-widget_type=\"text-editor.default\">\n\t\t\t\t\t\t\t\t\t<p>v\u00eddeos<\/p>\t\t\t\t\t\t\t\t<\/div>\n\t\t\t\t<\/div>\n\t\t\t\t\t<\/div>\n\t\t\t\t<\/div>\n\t\t<div class=\"elementor-element elementor-element-b06585d e-flex e-con-boxed e-con e-parent\" data-id=\"b06585d\" data-element_type=\"container\">\n\t\t\t\t\t<div class=\"e-con-inner\">\n\t\t<div class=\"elementor-element elementor-element-9780bcb e-con-full e-flex e-con e-child\" data-id=\"9780bcb\" data-element_type=\"container\">\n\t\t\t\t<div class=\"elementor-element elementor-element-5e9434e elementor-widget elementor-widget-image\" data-id=\"5e9434e\" data-element_type=\"widget\" data-widget_type=\"image.default\">\n\t\t\t\t\t\t\t\t\t\t\t\t\t\t\t<img decoding=\"async\" width=\"704\" height=\"372\" src=\"https:\/\/noticiassash.medscapegrupo.com\/wp-content\/uploads\/2025\/12\/Artigos.png\" class=\"attachment-large size-large wp-image-91\" alt=\"\" srcset=\"https:\/\/noticiassash.medscapegrupo.com\/wp-content\/uploads\/2025\/12\/Artigos.png 704w, https:\/\/noticiassash.medscapegrupo.com\/wp-content\/uploads\/2025\/12\/Artigos-300x159.png 300w\" sizes=\"(max-width: 704px) 100vw, 704px\" \/>\t\t\t\t\t\t\t\t\t\t\t\t\t\t\t<\/div>\n\t\t\t\t<\/div>\n\t\t<div class=\"elementor-element elementor-element-3f6471d e-con-full e-flex e-con e-child\" data-id=\"3f6471d\" data-element_type=\"container\">\n\t\t\t\t<div class=\"elementor-element elementor-element-f4eea19 elementor-widget elementor-widget-text-editor\" data-id=\"f4eea19\" data-element_type=\"widget\" data-widget_type=\"text-editor.default\">\n\t\t\t\t\t\t\t\t\t<p>Higlights em texto: Highlights Di\u00e1rios<\/p>\t\t\t\t\t\t\t\t<\/div>\n\t\t\t\t<div class=\"elementor-element elementor-element-eb539cf elementor-widget elementor-widget-text-editor\" data-id=\"eb539cf\" data-element_type=\"widget\" data-widget_type=\"text-editor.default\">\n\t\t\t\t\t\t\t\t\t<p>Acompanhe os resultados <br \/>mais relevantes, os estudos emergentes e as tend\u00eancias<br \/>que moldar\u00e3o a pr\u00e1tica cl\u00ednica.<\/p>\t\t\t\t\t\t\t\t<\/div>\n\t\t\t\t<div class=\"elementor-element elementor-element-df9b691 elementor-widget elementor-widget-button\" data-id=\"df9b691\" data-element_type=\"widget\" data-widget_type=\"button.default\">\n\t\t\t\t\t\t\t\t\t\t<a class=\"elementor-button elementor-button-link elementor-size-sm\" href=\"https:\/\/noticiassash.medscapegrupo.com\/index.php\/articulos\/\">\n\t\t\t\t\t\t<span class=\"elementor-button-content-wrapper\">\n\t\t\t\t\t\t<span class=\"elementor-button-icon\">\n\t\t\t\t<svg aria-hidden=\"true\" class=\"e-font-icon-svg e-fas-external-link-alt\" viewBox=\"0 0 512 512\" xmlns=\"http:\/\/www.w3.org\/2000\/svg\"><path d=\"M432,320H400a16,16,0,0,0-16,16V448H64V128H208a16,16,0,0,0,16-16V80a16,16,0,0,0-16-16H48A48,48,0,0,0,0,112V464a48,48,0,0,0,48,48H400a48,48,0,0,0,48-48V336A16,16,0,0,0,432,320ZM488,0h-128c-21.37,0-32.05,25.91-17,41l35.73,35.73L135,320.37a24,24,0,0,0,0,34L157.67,377a24,24,0,0,0,34,0L435.28,133.32,471,169c15,15,41,4.5,41-17V24A24,24,0,0,0,488,0Z\"><\/path><\/svg>\t\t\t<\/span>\n\t\t\t\t\t\t\t\t\t<span class=\"elementor-button-text\">CONFIRA AQUI<\/span>\n\t\t\t\t\t<\/span>\n\t\t\t\t\t<\/a>\n\t\t\t\t\t\t\t\t<\/div>\n\t\t\t\t<\/div>\n\t\t<div class=\"elementor-element elementor-element-5b5e75c e-con-full e-flex e-con e-child\" data-id=\"5b5e75c\" data-element_type=\"container\">\n\t\t<div class=\"elementor-element elementor-element-4b7f4ee e-con-full elementor-hidden-desktop elementor-hidden-tablet e-flex e-con e-child\" data-id=\"4b7f4ee\" data-element_type=\"container\">\n\t\t\t\t<div class=\"elementor-element elementor-element-7ab9f05 elementor-widget elementor-widget-text-editor\" data-id=\"7ab9f05\" data-element_type=\"widget\" data-widget_type=\"text-editor.default\">\n\t\t\t\t\t\t\t\t\t<p>v\u00eddeos<\/p>\t\t\t\t\t\t\t\t<\/div>\n\t\t\t\t<\/div>\n\t\t\t\t<div class=\"elementor-element elementor-element-66e3c2a elementor-widget elementor-widget-image\" data-id=\"66e3c2a\" data-element_type=\"widget\" data-widget_type=\"image.default\">\n\t\t\t\t\t\t\t\t\t\t\t\t\t\t\t<img decoding=\"async\" width=\"800\" height=\"537\" src=\"https:\/\/noticiassash.medscapegrupo.com\/wp-content\/uploads\/2025\/12\/Videos.png\" class=\"attachment-large size-large wp-image-92\" alt=\"\" srcset=\"https:\/\/noticiassash.medscapegrupo.com\/wp-content\/uploads\/2025\/12\/Videos.png 890w, https:\/\/noticiassash.medscapegrupo.com\/wp-content\/uploads\/2025\/12\/Videos-300x201.png 300w, https:\/\/noticiassash.medscapegrupo.com\/wp-content\/uploads\/2025\/12\/Videos-768x515.png 768w\" sizes=\"(max-width: 800px) 100vw, 800px\" \/>\t\t\t\t\t\t\t\t\t\t\t\t\t\t\t<\/div>\n\t\t\t\t<\/div>\n\t\t<div class=\"elementor-element elementor-element-2993a71 e-con-full e-flex e-con e-child\" data-id=\"2993a71\" data-element_type=\"container\">\n\t\t\t\t<div class=\"elementor-element elementor-element-8561916 elementor-widget elementor-widget-text-editor\" data-id=\"8561916\" data-element_type=\"widget\" data-widget_type=\"text-editor.default\">\n\t\t\t\t\t\t\t\t\t<p>V\u00eddeos Highlights<\/p>\t\t\t\t\t\t\t\t<\/div>\n\t\t\t\t<div class=\"elementor-element elementor-element-90e3817 elementor-widget elementor-widget-text-editor\" data-id=\"90e3817\" data-element_type=\"widget\" data-widget_type=\"text-editor.default\">\n\t\t\t\t\t\t\t\t\t<p>Confira an\u00e1lises de <br \/>especialistas em tempo real, com destaque para os principais estudos e suas implica\u00e7\u00f5es na pr\u00e1tica di\u00e1ria.<\/p>\t\t\t\t\t\t\t\t<\/div>\n\t\t\t\t<div class=\"elementor-element elementor-element-ba0f822 elementor-widget elementor-widget-button\" data-id=\"ba0f822\" data-element_type=\"widget\" data-widget_type=\"button.default\">\n\t\t\t\t\t\t\t\t\t\t<a class=\"elementor-button elementor-button-link elementor-size-sm\" href=\"https:\/\/noticiassash.medscapegrupo.com\/index.php\/videos\/\">\n\t\t\t\t\t\t<span class=\"elementor-button-content-wrapper\">\n\t\t\t\t\t\t<span class=\"elementor-button-icon\">\n\t\t\t\t<svg aria-hidden=\"true\" class=\"e-font-icon-svg e-fas-external-link-alt\" viewBox=\"0 0 512 512\" xmlns=\"http:\/\/www.w3.org\/2000\/svg\"><path d=\"M432,320H400a16,16,0,0,0-16,16V448H64V128H208a16,16,0,0,0,16-16V80a16,16,0,0,0-16-16H48A48,48,0,0,0,0,112V464a48,48,0,0,0,48,48H400a48,48,0,0,0,48-48V336A16,16,0,0,0,432,320ZM488,0h-128c-21.37,0-32.05,25.91-17,41l35.73,35.73L135,320.37a24,24,0,0,0,0,34L157.67,377a24,24,0,0,0,34,0L435.28,133.32,471,169c15,15,41,4.5,41-17V24A24,24,0,0,0,488,0Z\"><\/path><\/svg>\t\t\t<\/span>\n\t\t\t\t\t\t\t\t\t<span class=\"elementor-button-text\">ASSITA AGORA<\/span>\n\t\t\t\t\t<\/span>\n\t\t\t\t\t<\/a>\n\t\t\t\t\t\t\t\t<\/div>\n\t\t\t\t<\/div>\n\t\t\t\t\t<\/div>\n\t\t\t\t<\/div>\n\t\t\t\t<\/div>\n\t\t","protected":false},"excerpt":{"rendered":"<p>Confira as atualiza\u00e7\u00f5es mais relevantes em Hematologia do ASH Acompanhe os avan\u00e7os que est\u00e3o transformando a pr\u00e1tica em onco-hematologia Explore os principais destaques do 67th ASH Annual Meeting 2025 Reunindo aproximadamente 27.000 profissionais, entre hematologistas, oncologistas e pesquisadores de refer\u00eancia global, o 67th American Society of Hematology Annual Meeting \u00e9 reconhecido como o principal e [&hellip;]<\/p>\n","protected":false},"author":1,"featured_media":0,"parent":0,"menu_order":0,"comment_status":"closed","ping_status":"closed","template":"elementor_header_footer","meta":{"footnotes":""},"class_list":["post-13","page","type-page","status-publish","hentry"],"_links":{"self":[{"href":"https:\/\/noticiassash.medscapegrupo.com\/index.php\/wp-json\/wp\/v2\/pages\/13","targetHints":{"allow":["GET"]}}],"collection":[{"href":"https:\/\/noticiassash.medscapegrupo.com\/index.php\/wp-json\/wp\/v2\/pages"}],"about":[{"href":"https:\/\/noticiassash.medscapegrupo.com\/index.php\/wp-json\/wp\/v2\/types\/page"}],"author":[{"embeddable":true,"href":"https:\/\/noticiassash.medscapegrupo.com\/index.php\/wp-json\/wp\/v2\/users\/1"}],"replies":[{"embeddable":true,"href":"https:\/\/noticiassash.medscapegrupo.com\/index.php\/wp-json\/wp\/v2\/comments?post=13"}],"version-history":[{"count":76,"href":"https:\/\/noticiassash.medscapegrupo.com\/index.php\/wp-json\/wp\/v2\/pages\/13\/revisions"}],"predecessor-version":[{"id":284,"href":"https:\/\/noticiassash.medscapegrupo.com\/index.php\/wp-json\/wp\/v2\/pages\/13\/revisions\/284"}],"wp:attachment":[{"href":"https:\/\/noticiassash.medscapegrupo.com\/index.php\/wp-json\/wp\/v2\/media?parent=13"}],"curies":[{"name":"wp","href":"https:\/\/api.w.org\/{rel}","templated":true}]}}